 x(r) = -r**3 - 9*r**2 + 3. Suppose 4*b = -4*d - 48, -4*d = -2*b - 2*b - 24. Let t be x(b). Suppose 2*v - v = -t*l + 10, -4*l = v - 6. Is v composite?
True
Is (-3)/(-2)*49892/6 a composite number?
False
Suppose 3*h + 53 = 62. Suppose 3*g - 5902 = -3*v - 2113, 4*v - 5048 = -h*g. Is v composite?
False
Suppose 0*k - 2*n = k - 9090, -3*n - 9100 = -k. Is k a prime number?
False
Let i = 37 - 31. Is ((-3)/9)/(i/(-1494)) a prime number?
True
Suppose 7*q = 56058 - 1409. Is q prime?
False
Let u(o) = -o**2 + 8*o + 9. Let s = -13 - -22. Let f be u(s). Suppose 0 = -2*n - 4 - f, 0 = -2*l + n + 2124. Is l a prime number?
True
Let y(b) = b**3 - 16*b**2 - 33*b + 4. Let v be y(17). Let q be 73*-2 + 1 + -2. Let w = q - v. Is w prime?
False
Suppose 0 = i - 3*w + 278, -5*i + 4*w + 0*w - 1357 = 0. Suppose 7*q = -s + 2*q - 21, 5*s + 250 = 4*q. Let c = s - i. Is c a prime number?
True
Let j(l) = 19*l**2 + 7*l - 7. Let k be j(-14). Suppose 8*x = x + k. Is x prime?
False
Let l(s) = 875*s**2. Let f be l(1). Suppose 6*i - f = 55. Is i a composite number?
True
Suppose 4*o - 1848 = 4*w, 3*o - 2*o = 5*w + 466. Suppose a - 2*a = 5*i + 1218, -i + 2*a - 248 = 0. Let p = o + i. Is p a prime number?
False
Let q be (14/(-6) - -3)/(14/105). Suppose -q*y = -2*p + 2707, -5437 = -5*p - 5*y + 1383. Is p a prime number?
True
Suppose -y + 39 = -3*f, 5*y = 9*y + 2*f - 114. Suppose -33*k + y*k = -573. Is k a composite number?
False
Let r(s) = 1396*s - 37. Is r(3) prime?
False
Let f = -53 + 44. Let y(g) = 4*g**2 - 12*g - 10. Is y(f) composite?
True
Let c = -12 - -7. Let k = -5 - c. Is k - 3 - -5 - -120 a composite number?
True
Is 18056 - ((-5)/1 + (-19 - -21)) a composite number?
False
Let j be 9183/(-21) + (-8)/(-28). Let r = j + 884. Is r composite?
True
Let i(g) = -g + 23. Let a be i(18). Suppose r = -2*r. Suppose -5*s + 87 = v, r = -3*v + a*s - 2*s + 189. Is v composite?
False
Suppose -4*p + 16 = -3*l, 0 = -5*p + 3*l + 8 + 12. Suppose -p*d - 5*n + 1106 = -2709, 0 = 4*n + 4. Is d a prime number?
False
Let y = 10 - 4. Let b(t) = 2 + y*t + 42*t**2 + 1 - 5*t - 5*t. Is b(2) composite?
False
Suppose -3*q - 4*c + 9 = -3, 3*q - 3*c + 9 = 0. Suppose -5*l = -5*v + v - 579, q = l - 5*v - 120. Is l composite?
True
Suppose -3*m = -6*m - 5*d + 22, 0 = -2*m + 3*d - 17. Let n be (0 - m)*(2 - -191). Suppose 5*f - n = -3*z + 99, 0 = 2*f + 2*z - 116. Is f composite?
False
Let k(v) = v**3 + 19*v**2 + 40*v + 110. Let b be k(-17). Let i(d) be the first derivative of 59*d**2/2 - 3*d + 1. Is i(b) composite?
True
Let a(p) = 388*p - 45. Is a(4) composite?
True
Is (-2 - (-35)/15)*(-1 + 22822) a prime number?
True
Let n be (4/((-32)/(-1956)))/(1/(-2)). Let d = n + 2818. Is d a prime number?
False
Let b(j) = 26*j**3 - 2*j**2 - 2*j. Let u be b(5). Suppose 0*r - 10*r = -u. Is r composite?
True
Let k = 5 - -13. Suppose 0 = -4*i + y - 4*y - 38, 4*y = -8. Is k - i/12*6 composite?
True
Suppose 4*x - 88067 - 11873 = 4*d, 0 = -5*x - 2*d + 124953. Is x prime?
True
Let s = -1636 + 3050. Let m = 2781 - s. Is m prime?
True
Let v = 876 - 167. Is v a composite number?
False
Suppose 5*o - 3*j = 175126, 5*j - 82306 = 4*o - 222399. Is o a prime number?
True
Let x be (-4)/(-14) + (-57)/(-21). Suppose -g = x + 3. Is ((-20)/g)/((-10)/(-1335)) prime?
False
Let s be (-26282)/26 - (-16)/(-104). Let a = 2180 + s. Suppose -a + 379 = -5*k. Is k a composite number?
True
Let y(o) = -o**3 - 7*o**2 - 12*o - 6. Let h be y(-5). Suppose 0 = -h*s - 2*s + 2880. Suppose i - 317 - s = 0. Is i prime?
True
Suppose -m - 3*i + 296 = 3*m, -i + 74 = m. Let x = m - -32. Is x composite?
True
Suppose -b + 2*o + 2011 = 0, -964 = -2*b - 3*o + 3086. Is b a prime number?
False
Suppose 0 = -0*u + 2*u + 5*j - 9009, -3*u - j = -13494. Suppose u = 3*x - 2*c, 3*x + 4497 = 6*x - 3*c. Is x a composite number?
False
Let s be -3 + (-5 + -2)*1. Let i be (-4)/(-2 - s)*0. Suppose -3*k - 2*w + 251 + 74 = i, 4*k - w - 448 = 0. Is k a composite number?
True
Is 6*(-3)/(-36)*16622 a prime number?
True
Suppose -209*v = -212*v + 29481. Is v a prime number?
False
Suppose 3*h = -5*g + 54524, 3*g + 3*h - 9021 = 23697. Is g prime?
True
Let a(r) = 53*r**2 + 33*r + 22. Is a(-21) composite?
True
Let q = -2098 + 9719. Suppose -4*a - a + 2*z + q = 0, -5*a - 2*z = -7609. Is a a composite number?
False
Suppose -12*j - 13120 = -4*j. Let n = -1151 - j. Is n a composite number?
True
Let l(r) = r**3 + 15*r**2 - 3*r + 16. Let g = -8 - 3. Is l(g) a prime number?
False
Let y = -3455 - -6294. Is y a prime number?
False
Suppose -n - 54 = 358. Is (1 + 25/(-20))*n composite?
False
Suppose 3*t - 5*t + 18 = 2*m, -5*m - 21 = -t. Let j = -12 + t. Is (2 + j)*112 - 3 a prime number?
True
Suppose -2*g - 247 = -l - 0*g, 5*l - 1259 = 4*g. Suppose -10*s - 1069 = -11*s. Suppose -4*i = -l - s. Is i a composite number?
False
Suppose -4*u - 4*b = -3*u - 12091, -u = b - 12076. Is u prime?
True
Is (111/4)/(93/41044) a composite number?
True
Let h(x) = -x**2 - x. Let t(u) = 2*u**2 + 8*u + 8. Let i(o) = h(o) + t(o). Let a be i(-6). Suppose -v - a*l + 19 = 2*v, -l = 5*v - 34. Is v a prime number?
True
Suppose -5*n = -6 - 4. Suppose -3*h + 2*i - 61 + 296 = 0, -n*h + 5*i + 164 = 0. Is h a prime number?
False
Let x(q) = 5*q**3 + 2*q**2 - 5*q + 19. Is x(6) a prime number?
False
Suppose 0 = 5*n + 5*a + 1 - 11, -n - 2*a = -6. Is n/(-6)*(0 - -153) prime?
False
Let o = -310 + 522. Suppose -4*b + 212 = -o. Is b a composite number?
True
Suppose 2*z - 4*z = -2502. Let c be (108/(-15))/(12/(-40)). Is c/84 - z/(-7) composite?
False
Let h(w) = 102*w - 251. Is h(15) a prime number?
True
Suppose -5*g - 4*a - 10 = 0, 0 = g + 3*a + 23 - 10. Is 1*-213*g/(-6) prime?
True
Let w(r) = r**3 + 15*r**2 + 9*r + 6. Is w(-9) composite?
True
Let d(b) = -8*b**3 + 3*b**2 + b - 5. Is d(-2) composite?
True
Let x(y) = -y + 1. Let k(l) = 2930*l + 6. Let g(z) = k(z) - 4*x(z). Let d be g(-2). Is ((-1)/(-2))/((-7)/d) prime?
True
Let k = -2375 + 14572. Is k composite?
False
Let s(x) = x**2 + 8*x + 7. Let v be s(-8). Suppose -2*p = 3*d - 24, 4*d - 40 = -3*p - v. Suppose 267 = d*y - 5*y. Is y a composite number?
True
Let d = 2976 + -1215. Is d composite?
True
Suppose -18*d + 14554 + 44144 = 0. Is d a prime number?
False
Let y(j) = 402*j + 1. Let a be y(1). Suppose -o - 2*o = 3*r + 741, -5*o = -r + 1205. Let n = a + o. Is n a composite number?
True
Let f = -167 - -365. Let h be (-4)/(-10) - f/45. Is (1017/18)/((-2)/h) composite?
False
Suppose 4*m - 3*f - 36101 = 0, -3*m = -3*f - 23658 - 3414. Is m a prime number?
True
Let i = 13149 + -9272. Is i a composite number?
False
Let m = 21 - 29. Let y be (-28)/m + 1/(-2). Suppose -5*h = -2*s - 247 - 148, 0 = y*h + 5*s - 237. Is h composite?
False
Let l(x) be the third derivative of x**6/60 - 2*x**5/15 - x**4/8 + 8*x**3/3 - x**2 - 25. Let t(s) = -3*s - 5. Let j be t(-4). Is l(j) composite?
True
Suppose -3 = a - 6. Suppose -d + a*t - 1 = -18, d - 5*t = 25. Suppose -d*k + 742 = q, 5*k + 0*k - 3*q - 754 = 0. Is k a prime number?
True
Let c(q) = -2*q + 1. Let s be c(-6). Suppose -s*b + 10*b = -3351. Is b a composite number?
False
Let d = -112 - -603. Let k = d - 232. Is k a composite number?
True
Let x be 258/12*(2 - -2). Let h be (-1)/(4/x)*2. Let b = h - -74. Is b a composite number?
False
Let p be (5/2)/((-30)/(-24)). Suppose 0 = -r - 5 + 4, r - 1501 = -p*x. Is x composite?
False
Let g = 70007 - 28996. Is g a prime number?
True
Let a(j) = -97*j - 4. Let x(b) = -198*b - 5. Let l(u) = -395*u - 11. Let p(c) = -4*l(c) + 7*x(c). Let i(o) = 9*a(o) + 4*p(o). Is i(-1) a composite number?
False
Let s(c) = 2*c + 13. Let h be s(-4). Suppose 0 = 5*y - z - 21, -z + 11 = h*y - 2*y. Suppose 2*f - y*f + 110 = 0. Is f a composite number?
True
Let r(m) = -m**2 - 7*m - 10. Let z be r(-7). Is -2*(-452)/z*(-315)/126 a prime number?
False
Let s be (-110)/(-6) - 4/(-6). Let a = -17 + s. Suppose a*c - 5*t + 3*t - 40 = 0, -2*c - 2*t = -52. Is c a composite number?
False
Let s be 6*(-4)/(-16)*2. Suppose 21 + 1692 = s*g. Is g a prime number?
True
Suppose 2*y - 2*j = -22, -4*y - j - j = 20. Let f = 85 + y. Let n = f + 181. Is n a composite number?
True
Let a be (-7 - -14) + -12 + 7. Let x(l) = 74*l**2 - l. Let m be x(1). Suppose m - 371 = -a*q. Is q prime?
True
Is 12326*((-35)/(-2 + 7))/(-2) a prime number?
False
Suppose -3*x - 30544 = -4*n, 3057